 (-57)/3). Let g = l + t. What is r(g)?
6
Let c(d) be the second derivative of -3*d**5/20 - 2*d**4/3 + d**3/2 - d**2 + 76*d + 2. Determine c(-4).
50
Suppose -12 = 6*a - 4*a. Let u(t) be the third derivative of t**4/8 + 7*t**3/6 - t**2 + 19*t - 112. What is u(a)?
-11
Let n be 2/(-5) + (-696)/(-15). Suppose 50*m - n*m = 28. Let f(c) = -c**3 + 6*c**2 + 8*c - 8. Calculate f(m).
-1
Let g(a) = -855*a - 6017. Let r be g(-7). Let q(u) = 2*u**2 + 61*u - 101. Give q(r).
-5
Let r(b) = b**3 - 22*b**2 + 23*b - 41. Let g(h) = -h**3 + 20*h**2 + 131*h + 51. Let m be g(-5). Calculate r(m).
1
Let g(v) = -49*v**3 - 29*v**2 + 52*v - 39. Suppose 0 = 9*j + 13*j - 242. Let q(t) = 9*t**3 + 6*t**2 - 10*t + 8. Let c(y) = j*q(y) + 2*g(y). Give c(-8).
58
Let l(p) be the second derivative of p**4/12 + 4*p**3/3 - 2*p**2 + 1179*p. Let a(h) = -h + 2. Let v be a(8). Determine l(v).
-16
Let u be 19 - (1 - 2)*1. Suppose 5*s = u - 0. Let l(w) = -708*w - 13. Let j(c) = -506*c - 9. Let n(h) = 7*j(h) - 5*l(h). Calculate n(s).
-6
Let c(w) = 2*w**2 - 10*w + 11. Let x(i) = -2*i**2 + i - 1. Let l(n) = c(n) + 3*x(n). Calculate l(-6).
-94
Let z(v) = -v**3 + 6*v**2 - 6*v + 3. Let j = -10165 - -10169. What is z(j)?
11
Let o(r) be the first derivative of r**6/40 + r**5/30 - r**3/6 + 139*r**2/2 + 18. Let p(s) be the second derivative of o(s). What is p(1)?
4
Suppose -2*a + 6 = -4*a. Let u be 1 - (3 - (18/a)/(-3)). Suppose u = -3*k - 6, 5*w + 2*k - 40 = 7*k. Let i(q) = q - 7. Give i(w).
-1
Let x(k) be the third derivative of -k**5/60 - k**4/24 - 7*k**3/3 - 69796*k**2 + 3. Suppose 2*h - h = 0. What is x(h)?
-14
Let t(c) be the first derivative of -c**3/3 - 13*c**2/2 - 11*c - 68. Suppose 4*y + 52 = 72, 5*r - y = -65. What is t(r)?
1
Let k(a) be the second derivative of 7*a**3/6 - a**2/2 + a. Suppose -2*o = -2*n - 4*o + 16, 0 = 2*n + o - 11. Determine k(n).
20
Let b(n) = -20*n**3 - 3*n + 3. Let c(x) = 94*x - 3101. Let f be c(33). Calculate b(f).
-20
Let q(s) be the second derivative of s**5/20 + 5*s**4/6 + 5*s**3/6 + 272*s. Determine q(-9).
36
Let a(h) be the first derivative of h**6/36 + h**5/120 + h**4/12 - 65*h**3/3 + 140. Let f(s) be the third derivative of a(s). Calculate f(-1).
11
Let l(j) = j + 26. Suppose -15 = -5*a, -964*w + 966*w - 5*a = -59. Calculate l(w).
4
Let n(z) = -z**3 + 13*z**2 - 26*z + 47. Let i be (1 - 4) + (16 - 2). Let q be n(i). Let c(y) = y**2 - 4*y - 3. What is c(q)?
-6
Suppose -3*k = -5*v - 19, 0 = 5*k - 3*k - 6. Let h(j) = 13*j**2 + 9*j + 11. Let d(s) = 5*s**2 + 4*s + 5. Let b(t) = v*h(t) + 5*d(t). Determine b(-3).
-12
Let y(k) = -k + 1. Let t(v) = 2*v - 4. Let m(c) = -2*c - 7. Let d be m(-7). Let w(n) = d*y(n) + 3*t(n). Determine w(-5).
0
Let l(q) = q - 803 - 3*q + 805 + 3*q. Let n(t) = -6*t - 11. Let u(a) = 3*l(a) + n(a). Let i = 9 - 13. Calculate u(i).
7
Let z be (-2 + (4 - 3))*(-3)/((-9)/(-12)). Let r(v) be the first derivative of 2*v**3/3 - 7*v**2/2 + 4*v + 11. Determine r(z).
8
Let j(a) = -1. Let b = -129 + 130. Let f(r) = r - 1. Let x(w) = b*f(w) + j(w). Calculate x(5).
3
Let u(q) = 5*q**3 - 6*q**2 + 15*q - 18. Let n be u(2). Let x(m) = n + 36 + 4*m - 57. What is x(0)?
7
Let a(y) = y**2 - 8*y + 6. Suppose 0 = 1141*j - 1145*j + 1092. Let f be j/52 - (-3)/(-12). Determine a(f).
-9
Let k(x) = -4 + 0*x - 4*x - 2 + 5*x. Let j be k(2). Let r(g) be the first derivative of g**2/2 + 8*g - 16. Determine r(j).
4
Let q(f) = -7*f**2 + f - 1. Suppose -2*o = 4*h - 8, 0 = 4*h - o + 17 - 7. Determine q(h).
-9
Let q(p) be the third derivative of -220*p**2 + 0*p**3 + 0 + 0*p - 1/3*p**4. Determine q(1).
-8
Suppose 3*i - 22 = -2*d - 2*d, -i = 3*d - 9. Let q be (-39)/(-12) - (-12)/16. Let p(a) = a**3 + 4*a - q*a - 4*a + 6*a**2 + i. What is p(-7)?
-15
Let f(j) = 32 + 11 - 19*j + 14*j**2 - 28*j**2 + 10*j**2. Let c(k) = k**2 + 5*k - 11. Let s(y) = 9*c(y) + 2*f(y). Determine s(-9).
5
Let s(o) be the second derivative of o**4/12 + 37*o**3/6 + 147*o**2/2 + 213*o - 10. Calculate s(-33).
15
Let i(b) = 35 + 30 - 109 + 31 + b + 27. Calculate i(-10).
4
Let h(z) = -3*z - 77. Suppose 63*f + 60*f - 200 = 133*f. Determine h(f).
-17
Let z(q) = -11*q**3 + 3*q**2 + q + 2. Let i(d) = 9*d**3 - 3*d**2 + 2*d. Let o(g) = 6*i(g) + 5*z(g). Determine o(-5).
-25
Let c(i) = 7*i**2 + 8*i - 12. Let g(x) = -2*x**2 - 2*x + 1. Let r(u) = -c(u) - 3*g(u). What is r(4)?
-15
Let p(z) = -z**3 + 5*z**2 + 7*z - 2. Let a = -35 + 26. Let i be (14 + a)/((-2)/(-12)). Suppose -5*v + i = -0*v. Calculate p(v).
4
Suppose 2*r + 29*s = 30*s + 28, 2*r + 4*s = 48. Let n(p) = 3*p - 47. Determine n(r).
1
Let y be (3/5)/((-6)/(-20)) - 2. Let f(n) = n**3 - n**2 + 67. What is f(y)?
67
Let u(c) = -c**2 - 20*c + 95. Let l be -29 + (20 - 21) + 2 + 4. Calculate u(l).
-1
Suppose 12*h + 11*h - 46 = 0. Suppose -h*f = -7*f - 4*o + 65, -2*f - 5*o + 43 = 0. Let l(y) = y**2 - 8*y - 10. What is l(f)?
-1
Suppose -2*c = -0*c - 6. Suppose 25 = -c*f + 8*f. Let a(m) = 9*m + m - f*m - 4 + m - m**2. Calculate a(4).
4
Let n(k) = -2*k**3 - 9*k**2 + 13*k + 3. Let q(y) = -431*y + 857. Let r be q(2). Determine n(r).
-37
Let w = 21 + -29. Let z(u) = -7*u**2 + 3*u - u**3 - 26*u + 5*u - 2 + 26*u. Calculate z(w).
-2
Let y(n) be the first derivative of -n**3/3 + n**2/2 + 2*n - 70. Let m(s) = -s**3 - 13*s**2 - 14*s - 18. Let g be m(-12). Suppose 9*p = g*p + 12. Give y(p).
-10
Let s = -6789 + 6794. Let g(f) = 16*f - 90. Determine g(s).
-10
Let o(y) = 76493 - 76042 + 8*y + 26*y. Determine o(-13).
9
Let p(h) = h - 8. Let i be (-2)/10 - 4*(-92)/40. Let w be (17 - i) + 0/(3 - 4). Determine p(w).
0
Let h be (-33)/(-132)*80/(-1 - -5). Let y(j) = -18*j + 81. Give y(h).
-9
Let g(h) = -16*h - 142. Let z(c) = -73*c**2 + 140*c + 4. Let w be z(2). Calculate g(w).
-14
Let p(z) be the second derivative of z**4/12 - 7*z**3/6 + 7*z**2/2 - 9*z - 91. Let l = 3 - -2. Calculate p(l).
-3
Let o(g) = 3*g**3 + 96*g**2 + g + 86. Let u(a) = a**3 + 27*a**2 + 24. Let j(m) = 2*o(m) - 7*u(m). Suppose 4*v - 3*d = 10, 3 = v - 4*d + 7. Calculate j(v).
-4
Let x(f) = 80*f - 41. Let p(w) = 22*w - 9. Let q(j) = -22*p(j) + 6*x(j). What is q(-8)?
-16
Let w(j) = -2*j**2 + 3*j. Let o = -25 - -27. Let d(p) = p**2 + 2*p**o - p - 4*p**2. Let s(m) = 3*d(m) - w(m). Determine s(-6).
0
Let k(f) = -11*f**2 - 47*f + 58. Let i(h) = 6*h**2 + 26*h - 29. Let o(q) = 7*i(q) + 4*k(q). Calculate o(4).
-27
Let s(v) = 0*v + 3*v - 3*v**2 - v**3 - 2 + 1. Let g = 651869 + -651872. Give s(g).
-10
Let a(j) = -15 + 0*j**2 + j**2 + 4. Let d(w) = -w**2 + 29*w - 78. Suppose 14*q = -0*q + 364. Let n be d(q). Give a(n).
-11
Let z(t) = -8*t + 10. Let c = 307 - 292. Suppose 5*x - c = 2*y, 5*y = x - 10 + 7. Give z(x).
-14
Let b(c) = -72 + 201 - 53 - 53 - 9*c. Give b(3).
-4
Let a(s) = -s - 10. Let f = -33 - -20. Let g be a(f). Let m(u) = 4*u + 2*u**2 + u**g - 2*u**2 - 2*u**3 - 5*u**2 + 6. What is m(-5)?
-14
Let w(y) = -3*y + 40. Let o be w(15). Let p(h) = h**3 - 5*h**2 + 2*h - 3. Let s(c) = c**3 - 6*c**2 + 2*c - 3. Let b(z) = o*s(z) + 6*p(z). What is b(2)?
9
Let t(n) = -2*n - 254. Let g be t(-129). Let b(z) = -z + 9. Determine b(g).
5
Let f(i) = -4*i - 11. Let g(t) = 3*t + 10. Let v(w) = 4*f(w) + 5*g(w). Let s = 3971 - 3980. Calculate v(s).
15
Let z(n) be the first derivative of n**3/3 + 3*n**2 + 9*n - 1. Let q be -10 + (-1 - 10) + 23. Suppose 21*p - 17*p + q*a + 24 = 0, 4*a + 6 = -p. Calculate z(p).
9
Let j = -2147 + 2145. Let z(g) = g**3 + g + 2. Give z(j).
-8
Let a(z) = 8*z - 15. Suppose 5*b - 25 = -3*q, 120*b - 124*b - 4*q + 28 = 0. What is a(b)?
1
Let r(y) = -5*y**3 + 10*y**2 - y + 4. Let j(f) = 3*f + f**3 - f**2 + 5*f + 3*f - 12*f. Let u(m) = 4*j(m) + r(m). Give u(4).
16
Suppose d - 5*m - 25 = 0, -16*m + 13*m = 3*d + 33. Let t(b) = b + 2. Calculate t(d).
-3
Let v(r) be the third derivative of -r**7/1008 - r**6/240 + r**5/12 - 7*r**3/2 - 318*r**2. Let x(m) be the third derivative of v(m). Calculate x(-5).
22
Suppose 103 = -4*t + 183. Let b(c) = c**3 - 20*c**2 + c - 27. Give b(t).
-7
Let w(d) = d**3 - 78*d**2 + 1079*d - 3. Let s be w(60). Let f(a) = 5*a + 315. Determine f(s).
0
Suppose -95 - 31 = -6*v. Suppose -4*c = 3*l - v, -3*l + 8*l - 30 = -5*c. Let w(i) = i**3 - 4*i**3 + 4*i**3 + 0*i**l + 2*i - 6*i**2 - 6. Calculate w(6).
6
Let f(b) = 4*b + 36 - 9 + 0 - 2*b - 25. Calculate f(2).
6
Let n(i) = -12*i**3 - 6*i**2 + 23*i + 25. Let w 